
Is 946776 a multiple of 12?
True
Is 694400 a multiple of 40?
True
Is 297296 a multiple of 16?
True
Does 49 divide 2653472?
False
Is 10 a factor of 1355078?
False
Is 165607 a multiple of 426?
False
Does 280 divide 196560?
True
Is 52 a factor of 49322?
False
Is 1562675 a multiple of 58?
False
Is 310535 a multiple of 36?
False
Is 30 a factor of 59006?
False
Does 5 divide 37801?
False
Is 185 a factor of 11223765?
True
Does 48 divide 1464759?
False
Is 4461 a multiple of 12?
False
Is 6366105 a multiple of 1213?
False
Does 15 divide 14655?
True
Does 50 divide 594534?
False
Does 409 divide 2253366?
False
Is 66 a factor of 1022017?
False
Is 271 a factor of 965844?
True
Is 74 a factor of 91686?
True
Does 17 divide 506298?
False
Is 3766560 a multiple of 472?
True
Is 401900 a multiple of 107?
False
Is 101257 a multiple of 7?
False
Is 4 a factor of 2340976?
True
Does 16 divide 254048?
True
Is 37088 a multiple of 45?
False
Is 327883 a multiple of 47?
False
Is 65 a factor of 311805?
True
Does 415 divide 1234210?
True
Is 382 a factor of 1045293?
False
Is 177380 a multiple of 70?
True
Is 19252390 a multiple of 215?
True
Is 231 a factor of 2154371?
False
Is 146 a factor of 4529932?
False
Is 62 a factor of 174344?
True
Is 2 a factor of 22675?
False
Is 2525025 a multiple of 25?
True
Does 22 divide 827090?
True
Is 259 a factor of 1839418?
True
Is 4 a factor of 19837?
False
Does 36 divide 70272?
True
Does 11 divide 946?
True
Is 274 a factor of 3881384?
False
Does 39 divide 3129503?
False
Does 917 divide 604303?
True
Is 15 a factor of 5420537?
False
Does 13 divide 4307?
False
Does 53 divide 8624?
False
Does 20 divide 41729?
False
Is 212 a factor of 632820?
True
Does 36 divide 193464?
True
Does 260 divide 14196?
False
Is 20 a factor of 460614?
False
Is 2859792 a multiple of 626?
False
Is 4344505 a multiple of 11?
True
Is 38 a factor of 209247?
False
Is 12330 a multiple of 15?
True
Is 2447250 a multiple of 10?
True
Is 89036 a multiple of 13?
False
Does 69 divide 582774?
True
Does 31 divide 1370293?
True
Is 1472509 a multiple of 319?
False
Is 351 a factor of 153859?
False
Does 516 divide 888552?
True
Is 413196 a multiple of 28?
True
Is 3320625 a multiple of 759?
True
Is 31236 a multiple of 12?
True
Is 283608 a multiple of 9?
True
Is 40 a factor of 382587?
False
Does 524 divide 4961530?
False
Does 960 divide 2340480?
True
Is 854848 a multiple of 96?
False
Is 227478 a multiple of 93?
True
Does 35 divide 32270?
True
Does 1157 divide 2922522?
False
Is 12 a factor of 7385?
False
Does 58 divide 2977894?
True
Does 260 divide 397234?
False
Is 42435 a multiple of 207?
True
Is 1902065 a multiple of 5?
True
Is 5 a factor of 34653?
False
Is 328 a factor of 209757?
False
Does 9 divide 1151010?
True
Is 582 a factor of 6475332?
True
Is 7452556 a multiple of 977?
True
Is 500698 a multiple of 22?
True
Does 16 divide 55552?
True
Does 5 divide 74530?
True
Is 3690232 a multiple of 1781?
True
Is 30 a factor of 226770?
True
Is 153 a factor of 1566496?
False
Is 64 a factor of 185280?
True
Is 37 a factor of 627610?
False
Does 47 divide 54661?
True
Does 6 divide 904494?
True
Does 10 divide 2413989?
False
Does 111 divide 182373?
True
Is 160 a factor of 181823?
False
Is 1243190 a multiple of 131?
True
Is 848215 a multiple of 587?
True
Is 37 a factor of 23976?
True
Is 866896 a multiple of 14?
False
Is 99 a factor of 2722296?
False
Is 1456 a factor of 2022384?
True
Is 60604 a multiple of 7?
False
Does 2 divide 506373?
False
Does 169 divide 4256520?
False
Is 29 a factor of 1630525?
True
Does 3 divide 4123346?
False
Does 152 divide 64752?
True
Does 148 divide 709712?
False
Does 203 divide 257506?
False
Is 47 a factor of 2213183?
True
Is 993 a factor of 3567951?
False
Is 126116 a multiple of 2?
True
Is 90 a factor of 166098?
False
Does 3 divide 1882434?
True
Is 107554 a multiple of 100?
False
Is 38 a factor of 215574?
True
Does 3 divide 286507?
False
Does 14 divide 694170?
False
Is 305203 a multiple of 642?
False
Is 212 a factor of 5798689?
False
Does 169 divide 4400280?
False
Does 149 divide 493190?
True
Does 9 divide 111370?
False
Is 7282 a multiple of 9?
False
Is 181878 a multiple of 4?
False
Is 215731 a multiple of 57?
False
Is 25 a factor of 4120811?
False
Is 7 a factor of 52922?
False
Is 72096 a multiple of 96?
True
Is 738953 a multiple of 9?
False
Does 2 divide 41957?
False
Does 64 divide 610496?
True
Is 3 a factor of 386223?
True
Does 134 divide 1054178?
True
Is 127 a factor of 347853?
True
Is 30 a factor of 3194280?
True
Does 705 divide 2110065?
True
Is 1647784 a multiple of 27?
False
Does 23 divide 1857480?
True
Is 559200 a multiple of 160?
True
Does 209 divide 11811635?
True
Is 23 a factor of 6430032?
False
Is 653 a factor of 8524967?
False
Is 6069865 a multiple of 34?
False
Is 352 a factor of 258368?
True
Is 29 a factor of 4344432?
True
Is 27 a factor of 4953501?
True
Does 75 divide 9677894?
False
Is 27 a factor of 3278448?
True
Is 919800 a multiple of 10?
True
Does 968 divide 9831847?
False
Is 58 a factor of 1571684?
True
Does 65 divide 1494256?
False
Is 4399482 a multiple of 141?
True
Does 40 divide 247560?
True
Is 10 a factor of 176770?
True
Does 24 divide 2123184?
True
Is 276254 a multiple of 6?
False
Does 256 divide 135213?
False
Is 1276390 a multiple of 5?
True
Is 96813 a multiple of 31?
True
Does 513 divide 5205415?
False
Does 16 divide 188128?
True
Is 840985 a multiple of 32?
False
Is 24897080 a multiple of 508?
True
Does 42 divide 36758?
False
Is 9 a factor of 8499951?
True
Is 7 a factor of 505799?
True
Is 796515 a multiple of 15?
True
Is 7 a factor of 2489872?
True
Is 2720081 a multiple of 403?
False
Is 1930845 a multiple of 105?
True
Is 13 a factor of 688962?
False
Is 25368 a multiple of 24?
True
Is 433241 a multiple of 14?
False
Does 86 divide 25800?
True
Does 34 divide 20251131?
False
Is 11 a factor of 591932?
True
Is 46908 a multiple of 4?
True
Is 563 a factor of 1215670?
False
Is 24192 a multiple of 7?
True
Does 30 divide 13535?
False
Does 16 divide 4565932?
False
Is 110122 a multiple of 22?
False
Does 10 divide 209246?
False
Does 57 divide 289788?
True
Does 6 divide 52814?
False
Is 6 a factor of 1941?
False
Is 112 a factor of 1701810?
False
Is 9494853 a multiple of 1188?
False
Is 8 a factor of 8369383?
False
Is 45 a factor of 45675?
True
Is 11 a factor of 2662?
True
Is 810 a factor of 784890?
True
Does 35 divide 406476?
False
Is 22 a factor of 747376?
False
Is 300 a factor of 12030300?
True
Is 39 a factor of 4361613?
False
Is 434 a factor of 55756?
False
Is 8 a factor of 486544?
True
Is 29 a factor of 1855362?
True
Is 25 a factor of 57775?
True
Is 2842284 a multiple of 106?
True
Is 945044 a multiple of 4?
True
Is 4 a factor of 281664?
True
Does 13 divide 1695278?
True
Is 6234771 a multiple of 700?
False
Is 502418 a multiple of 17?
True
Is 5131312 a multiple of 30?
False
Is 20 a factor of 1847981?
False
Is 199 a factor of 749235?
True
Is 352 a factor of 361504?
True
Is 5 a factor of 1560089?
False
Is 30 a factor of 109894?
False
Is 242 a factor of 2921182?
True
Is 24 a factor of 580224?
True
Is 14956 a multiple of 6?
False
Is 6162095 a multiple of 41?
True
Is 59732 a multiple of 137?
True
Does 59 divide 2340513?
False
Does 580 divide 1061400?
True
Does 775 divide 180990?
False
Is 1963365 a multiple of 57?
True
Is 429 a factor of 291720?
True
Is 6 a factor of 98462?
False
Does 33 divide 19569?
True
Is 37 a factor of 75211?
False
Is 126181 a multiple of 495?
False
Is 2910834 a multiple of 47?
False
Does 63 divide 410558?
False
Is 5 a factor of 5770554?
False
Is 1538856 a multiple of 1044?
True
Does 18 divide 492264?
True
Is 137 a factor of 19591?
True
Is 35 a factor of 105502?
False
Is 10 a factor of 4907?
False
Does 270 divide 1188270?
True
Is 47 a factor of 1664176?
True
Is 1353704 a multiple of 278?
False
Is 133573 a multiple of 46?
False
Is 246 a factor of 589747?
False
Is 603 a factor of 863496?
True
Does 3 divide 3513786?
True
Does 300 divide 485400?
True
Does 144 divide 8503432?
False
Does 10 divide 3432073?
False
Is 187 a factor of 252637?
True
Is 346232 a multiple of 20?
False
Is 156534 a multiple of 15?
False
Does 11 divide 22368?
False
Is 3 a factor of 12283?
False
Does 72 divide 5858476?
False
Is 362628 a multiple of 36?
True
Does 46 divide 39606?
True
Is 46